 24*z - 8. Suppose 5832*i = 5823*i + 225. What is a(i)?
-33
Let o be (-10)/(-1) + (-3 - -5). Let a(s) = -s**2 + 4*s + 90. Let q be a(o). Let g(z) = z**3 + 4*z**2 - 7*z + 8. Give g(q).
-22
Let n(c) be the third derivative of c**6/120 + c**5/20 - c**4/6 + 5*c**3/6 - 539*c**2. Give n(-5).
-25
Let j(w) = w**3 + 15*w**2 - 33*w + 13. Let q be (-4)/(-4) + 0 - 11/(44/72). Give j(q).
-4
Let u = 195 + -189. Let b(j) = 21*j - 4. Let s(n) = -24*n + 4. Let z(o) = u*s(o) + 7*b(o). Determine z(-5).
-19
Let p(l) be the second derivative of l**3/3 + 13*l**2/2 - 1156*l. Calculate p(0).
13
Let h be (54/(-3))/(-3) - -1. Let m(v) = 1811*v + 1811*v - v**2 - 3614*v + 2 + 0. Calculate m(h).
9
Let h = 194 - 191. Let r(c) = 26 + 10*c - 22 - h*c + c**2. Give r(-7).
4
Let k(i) = -i**3 - 8*i**2 - 3*i - 21. Let j(s) = s**2 + 26*s - 8. Let u be j(-26). Calculate k(u).
3
Let z = 27 + -16. Suppose -6*l + 16 = -2*l. Let d(w) = 4*w - w**2 + 7*w - 4*w + l*w + 8. Calculate d(z).
8
Suppose 0*t - 5*r + 6 = -t, 2*t - 4*r = 6. Let p(b) = -3*b + t + b**2 - 4*b - 1. Let j = -458652 + 458658. Give p(j).
2
Let w(o) = -8*o - 65. Let i(l) = l**3 + 41*l**2 + 151*l + 102. Let b be i(-37). What is w(b)?
7
Let h(a) = -a**2 - 11*a - 21. Let y be h(-8). Let j(w) = 2*w**2 - w**3 - w**3 - w**2 + 2*w**3 - 2 + w**y. Calculate j(2).
10
Let f(b) be the first derivative of 3*b**4/4 - 2*b**3/3 - b**2/2 + 2. Suppose -49 = 4*w + 991. Let a = 259 + w. What is f(a)?
-4
Let d(u) be the first derivative of -u**4/12 - u**3/6 + u**2/2 + 40*u + 2. Let l(b) be the first derivative of d(b). Determine l(2).
-5
Let r(f) be the first derivative of -5/2*f**2 - 11 - 1/3*f**3 + 0*f. Give r(-4).
4
Let y(n) = -240 + 117 + 4*n + 0*n + 124. Let c be (10 + -2)/(-1 + 2). Let z = 9 - c. Determine y(z).
5
Let c(s) be the first derivative of s**5/60 - 5*s**4/24 + 20*s**3/3 - 192. Let k(q) be the third derivative of c(q). Give k(6).
7
Let c(s) = -s**2 + 7*s - 9. Let d(i) = -2*i - 4. Let r be d(6). Let l = r - -20. Suppose o - 6 = l*f, -5*f + 10 = 2*o - 2. What is c(o)?
-3
Let k(t) = -2 - 205*t + 7 + 203*t. Let v be k(-1). Let n(b) = v - 2*b + b - b**2 - 3*b. Give n(-6).
-5
Let v(n) = -5*n**2 - n + 32. Let x(t) = 3*t**2 + t - 20. Let l(d) = 5*v(d) + 8*x(d). Calculate l(3).
0
Suppose 31*j - 234 = 71 + 36. Let u(m) = -111*m + 1220. Give u(j).
-1
Let t be (-1)/(-2) - (-540)/(-8). Let v be 6 - -1 - 3 - t. Let n = -78 + v. Let p(y) = -y**2 - 4*y + 8. Determine p(n).
-13
Let o(f) = 5*f**2 - 2*f**2 + 4 - 11448*f + 2 + 11445*f - 2*f**2. Calculate o(2).
4
Let b(k) = -4*k + 83. Let j be b(20). Let t(n) = -405*n + 199*n + 1 + 202*n + n**3 - 2*n**2. Give t(j).
-2
Let i = 47 + -44. Let t(q) = 4*q - 50. Let s be t(13). Let p(j) = 0*j**2 + 2 - 5*j**s - j**2 + j**i + 4*j. Give p(5).
-3
Let j(g) = -21*g + 85. Let o be j(4). Let b(n) = -3*n**2 + 3*n - 6. Calculate b(o).
-6
Let z(p) = 4*p**3 + p**2 - p + 14. Let s(b) = -25*b**3 + 14*b**2 - 12*b - 115. Let d(n) = -s(n) - 6*z(n). Calculate d(19).
12
Let l(n) = -2962*n - 2951*n + 40 + 5922*n. Give l(-4).
4
Let s(m) be the third derivative of -7*m**4/24 - 7*m**3/6 + 5103*m**2. Determine s(6).
-49
Let s(q) = -8 + 25*q**2 - 35*q**2 + 15*q**2 - 7*q. Let g(p) = -3*p**2 + 6*p + 6. Let m(u) = -3*g(u) - 2*s(u). Calculate m(-3).
1
Let p(m) = 13*m + m**2 + 258 - 250 + m**2. Let f be p(-6). Let z(i) = 35*i**f + 5*i - 73*i**2 - i**3 + 34*i**2. Calculate z(-5).
0
Suppose h - 3*u - 117 = 0, 15*u = 18*u + 15. Let n = 113 - h. Let m(v) = -v**3 + 10*v**2 + 11*v - 2. Determine m(n).
-2
Let i(p) = p**2 + 3087*p + 9250. Let n be i(-3). Let l(w) = 1 + w**3 - w - 2*w**2 - 3*w**3 - 2*w**3 + 1. Determine l(n).
28
Let l(g) be the first derivative of -21*g**2/2 - 6*g - 8189. Give l(-4).
78
Let r(v) be the second derivative of -4*v**3/3 - v**2 + 2*v - 30. Suppose 4*f - 6 = 2. Determine r(f).
-18
Let c = -28 + 27. Let u(q) = 2*q**3 - q**2 - 3*q - 3. Calculate u(c).
-3
Let n(y) = -y**3 - 8*y**2 - 17*y - 73. Let o = -472 - -465. Let w be n(o). Let d(g) = -7*g + 2. Determine d(w).
23
Suppose 5*k + 2*p = -69, -12*k + 3*p - 56 = -5*k. Let d(g) = g**3 + 11*g**2 + 1. Let c(w) = -w**3 - 11*w**2. Let i(l) = 4*c(l) + 5*d(l). What is i(k)?
5
Let u be ((-4)/(-20))/(10/50). Let w(r) = 574*r - 289*r - u - 296*r. Give w(1).
-12
Let p(k) = -11*k - 97. Let r be -20*((-364)/(-65))/14. Calculate p(r).
-9
Let y(f) = -2*f + 3. Suppose 0 = g, -2*n - 2*g = 3 - 1. Let h be 3/(-6) - 9/(-6). Let a be (h - -1 - -4)/n. Give y(a).
15
Let x(y) = -4*y + 48. Let b = -5659 + 5667. Give x(b).
16
Let v(n) = -5*n + 41. Suppose 2*f = -5*z + 30, 4*z = -621*f + 620*f + 18. What is v(f)?
-9
Let g(k) = -2*k**2 + 18*k. Let m(u) = u**2 - 13*u + 1. Let o(c) = -2*g(c) - 3*m(c). Let v be -2*2/6*3. Calculate o(v).
-5
Suppose -5*u + a = -19, -3*a - 17 = 3*u - 8*u. Suppose -z = u*d + 21, 10 = -3*z + 5*d - 2. Let g(s) = -2*s - 12. Determine g(z).
6
Let u(d) = 182*d - 52 - 119*d + 6*d**2 - 78*d + d**3. Determine u(-7).
4
Let t(n) = 34*n**2 - 6*n**2 + n**3 + 0*n + 43 + 33*n - 11*n**2 - 14*n. Calculate t(-16).
-5
Let y(g) = 149*g - 25. Let p(m) = 238*m - 38. Let r(v) = 5*p(v) - 8*y(v). Determine r(-6).
22
Suppose 5*w - 14 = 3*o, 5*o = -2*w - 12 - 1. Let f(z) be the third derivative of 0*z - 1/6*z**3 + 0*z**5 + 4*z**2 + 1/12*z**4 + 0 - 3/20*z**6. What is f(w)?
-17
Let c(z) = 7*z**2 + 5*z - 5. Suppose 64*s = -q + 63*s + 8, 0 = 3*q - s. Calculate c(q).
33
Let t(d) = 2*d**3 + 37*d**2 + 11*d - 35. Let r(o) = o**3 + 19*o**2 + 5*o - 18. Let v(n) = -11*r(n) + 6*t(n). Suppose -6*f - 58 - 14 = 0. Calculate v(f).
0
Let v(n) = -n**3 + 5*n**2 + 3*n + 2. Let p be 7 - (27/(-630)*-14)/((-1)/(-5)). What is v(p)?
30
Suppose s + 25 = -9*u + 34, -4*s = -3*u + 3. Let c(x) = -4*x - 1. Let f(q) = -2 + q - 1 - 11*q - 2*q. Let w(l) = 7*c(l) - 2*f(l). Give w(u).
-5
Let k(r) = 21*r**2 - 2*r - 1. Let s(q) = -43 - 82 + 2*q + 56. Let a be s(34). What is k(a)?
22
Let a(f) = f**2 - 3*f + 4. Let z(m) = -m**2 - 1. Let d(r) = a(r) + 2*z(r). Let g be 1 + 18/(-99) + (-2)/(-11). Let y be g/(-1)*(-8 - -4 - -8). Give d(y).
-2
Let p be (2220/(-1998))/((-10)/(-12)*(-8)/30). Let f(u) = u**3 + u**2 + 4*u + 6. Let i(b) = -b**2 - b. Let y(m) = -f(m) - 6*i(m). Give y(p).
4
Let j(a) be the first derivative of -a**2 + 7*a - 2582. Determine j(20).
-33
Suppose -92 = 851*i - 950*i + 502. Let h(y) = 13*y**3 - 29*y**2 - 4*y - 4. Let k(j) = -3*j**3 + 7*j**2 + j + 1. Let r(c) = -2*h(c) - 9*k(c). What is r(i)?
29
Let k = -45 + 41. Let q(f) = -24*f - 7 - 1 + 2 + 22*f. What is q(k)?
2
Let f be (3 - -1)*2/20*95. Suppose 3*l - f = l. Let y(d) = -11 + 3*d + 34 - l. Calculate y(-3).
-5
Let w(o) = o**3 + o + 2. Let b = 110 - 41. Let a(j) = -5*j - 4. Let g be a(-2). Suppose g = -67*z + b*z. Give w(z).
32
Let z(x) be the second derivative of -x**5/20 + 35*x**4/12 + 11*x**3/2 + 61*x**2 - 1401*x. Give z(36).
14
Let a(w) = -4*w**2 + w + 2. Suppose 3*s + 84 = -s. Let j = s + 22. Suppose 3*t - k = -1 + 10, 0 = 4*t + 3*k + j. Determine a(t).
-12
Let h(v) be the first derivative of -v**2/2 - 25*v - 347. Calculate h(16).
-41
Let f(h) = 4*h + 893 - h**2 + 889 - 2659 + 887 + 4*h. What is f(8)?
10
Suppose 5*t = -5*f + 20, f = 3*t + 8 - 12. Let q(c) = 2*c. Let r be q(2). Suppose r*l + p = -12, t*l - 3*l = -3*p + 3. Let i(v) = -2*v - 1. Give i(l).
5
Let n(r) = -50*r**2 + 533*r + 49. Let s(h) = 10*h**2 - 107*h - 11. Let j(l) = 3*n(l) + 14*s(l). Determine j(10).
3
Let m(i) = -5*i**2 - 4*i - 1. Let g(b) = 7*b**2 + 6*b + 1. Let f(c) = 3*g(c) + 4*m(c). Let j be -1*2*8/(-16). Give f(j).
2
Suppose -2*i + 19 = -5*j, 2*j + 1 = -0*j + 3*i. Let q(z) = -2*z**2 - 2*z - 6. Calculate q(j).
-46
Let t be ((-60)/(-12))/((-3)/7 + (-2242)/(-413)). Let g(p) = 13*p**3 + 15*p**3 - 4*p**3 - 1 + p. What is g(t)?
24
Let f = 13982 + -13974. Let l(v) = 0 - 13 - 2 + 2*v. Calculate l(f).
1
Suppose 4*o + 1260 = 5*u, -4*o - 180 = -2*u + 312. Let z = u - 261. Let m(h) = h**3 + 4*h**2 - 6*h. What is m(z)?
5
Suppose -15*b = -20*b + 4*r + 79, r = 7*b - 60. Let y(a) = 3*a + 4 - 4*a + 4. What is y(b)?
1
Let q(t) = 2*t**2 - 54*t + 303. Let d be q(8). Let g(j) = -7*j - 2. Calculate g(d).
5
Let d(b) = 23*b - 3. Let n be ((-9)/(-15))/((-84)/(-840)). Calculate d(n).
135
Let a be -3*((-1)/(-1) - 2). Let r(h) be the second derivative of h**3/6 - 5*h**2/2 + 1772*h + 2. Calculate r(a).
-2
Let u be (-